= b - 9. Suppose 2*a = -3*u + 312, -3*a + 506 = u - 6*u. What is the highest common factor of a and i?
18
Let c = -1294 + 2214. What is the highest common divisor of c and 120?
40
Let s(x) = -x**3 - 17*x**2 - 9*x - 135. Let v be s(-17). Let m(t) = -1 + 3 - 4 - 10*t. Let p be m(-2). What is the greatest common divisor of v and p?
18
Let d(z) = 15*z**2 + 3*z + 2. Let r be d(-2). Let n be (0 + (-4 - -5))/1. Let m be n - -2 - (-13 + 9). Calculate the highest common divisor of m and r.
7
Let p = 857 - 716. Calculate the highest common factor of p and 12.
3
Let x = -316 + 855. Calculate the highest common factor of 49 and x.
49
Let x be 6/(-1)*(-70)/28. Suppose 0*w - 5*w = x, -5*w + 5 = 4*d. Calculate the highest common factor of 10 and d.
5
Suppose 4*w - 46 = -2*d, 3*w - 114 = -4*d - 37. What is the highest common factor of d and 1?
1
Suppose 2*b + 2*q + 2*q = 180, -435 = -5*b - 5*q. Let v = b - 54. Calculate the greatest common factor of v and 6.
6
Let z(v) = v**2 - v - 6. Let c be z(-7). Let r = -35 + c. Let q(s) = 3*s**2 - 15*s + 24. Let y be q(2). What is the highest common factor of r and y?
3
Suppose 4*q = -2*u - 31 - 7, 0 = -u + 4*q - 37. Let h = -49 - u. Let c = 30 + h. What is the greatest common factor of 9 and c?
3
Let z(h) be the third derivative of h**4/4 + 5*h**3/3 - 7*h**2. Let c be z(3). What is the greatest common factor of 28 and c?
28
Suppose 2*q = -11 + 35. Suppose 4*d + 3*t = 1, 0 = -d - 2*t - 9 + 3. Calculate the greatest common divisor of d and q.
4
Let j(n) = n**3 - 7*n**2 - 6*n + 10. Let q be j(7). Let s = q - -44. Calculate the greatest common divisor of s and 132.
12
Suppose 0 = -17*w + 14*w + 441. What is the greatest common factor of w and 7?
7
Let q be 78/(-858) - (-5292)/11. What is the highest common factor of 13 and q?
13
Suppose -5*k + 261 = -n, 10*n - 5*n = 4*k - 213. What is the highest common factor of k and 286?
26
Suppose 11*v - 596 - 460 = 0. What is the highest common divisor of 736 and v?
32
Let l(n) = 6*n**3 + 3*n**2 - 11*n + 9. Let a be l(4). Suppose -5*m - 4*x = -a, -314 = -4*m - 2*x - 0*x. Calculate the highest common factor of 7 and m.
7
Let t(j) = 2*j**2 - 12. Let p(s) = -11*s + 2. Let g be p(1). Let a be t(g). What is the greatest common divisor of 30 and a?
30
Let w(u) = u. Let q be w(-8). Let j be (-2 - 12/(-8))*q. Suppose -3*r + 87 = 4*s, r + 60 = 2*s - 3*r. Calculate the greatest common divisor of j and s.
4
Let z(p) = -5*p**3 + 4*p**3 + p**2 + p**2 + 15*p - 4*p**2. Let v be z(10). Let h be ((-4)/(-10))/((-7)/v). What is the greatest common factor of h and 12?
12
Suppose 0 = l - 2. Suppose -3*x - l*x = 0. Suppose -y + 4*k - 12 = x, 0*k = -4*y + 2*k + 8. Calculate the greatest common factor of 8 and y.
4
Suppose 40 = 2*c - 2. Suppose 2 = 4*g - 2*f + 18, 6 = 3*f. Let z be (g - -5) + 85 + -3. Calculate the greatest common divisor of z and c.
21
Let b = -1 + -3. Let i = b - -21. Let o(q) = 2*q**2 - 5*q + 14. Let t be o(3). Calculate the highest common factor of i and t.
17
Let a be 5/(-2 + (-76)/(-36)). Suppose a = -v + 3. Let l = 96 + v. Calculate the greatest common factor of l and 6.
6
Suppose -7*j + 11*j = q + 560, -5*j + 700 = 3*q. What is the highest common divisor of j and 70?
70
Suppose -2*m + 100 = 2*m. Let l(y) = -4*y + 1. Let i(j) = -j**2 + 8*j - 8. Let q be i(7). Let z be l(q). What is the greatest common divisor of m and z?
5
Suppose -3*h + 585 = 4*f + 2*h, -4*h = 4*f - 584. Suppose -53 = -o + 5. Calculate the highest common divisor of f and o.
29
Suppose 3*r + 5*n = -510, -156 = r - 3*n - 0*n. Let p = 231 + r. Let b(x) = x - 4. Let s be b(26). Calculate the highest common divisor of s and p.
22
Suppose -10 = 2*b - 0. Let g be (-528)/b + 15/(-25). What is the highest common factor of 15 and g?
15
Suppose 4*g - 3*w - 142 + 13 = 0, -75 = -3*g - 5*w. Suppose 10 - g = -4*i. What is the highest common divisor of i and 1?
1
Let s(v) = v**3 - 16*v**2 + 22*v - 39. Let k be s(15). What is the greatest common factor of 12 and k?
6
Let m be 121/3 - 4/12. Suppose 0 = -i - 4*i + 50. Calculate the greatest common divisor of m and i.
10
Let g(d) = 2*d**2 - 8*d - 262. Let w be g(-10). Calculate the greatest common divisor of w and 423.
9
Suppose 3*j + 34 = -b + 3*b, -4*j = -b + 22. Let w be (-133)/((-10)/20*(3 - 1)). Suppose w = 5*p - 217. Calculate the greatest common factor of p and b.
14
Let j(k) = -4*k**3 - 2*k**2 - k. Let a be (-26)/10 - 33/(-55). Let c be j(a). Let u(q) = 10*q - 5. Let z be u(7). What is the highest common factor of c and z?
13
Suppose 4*p - 840 = -3*l, -420 = -2*p - 20*l + 17*l. What is the greatest common factor of 56 and p?
14
Let a be 124/16 - (-1)/4. Suppose -4*c + 2*v - 16 = a, -c + 8 = 3*v. Let n be (0 - c)/((-8)/(-12)). What is the greatest common divisor of n and 66?
6
Suppose 3 = j - 2. Suppose -124 = -j*v + 101. What is the greatest common divisor of v and 45?
45
Let v = 11 - 5. Let o(y) = -2*y - 6*y**3 - 3*y**3 + 6*y + v*y**3. Let p be o(-4). Calculate the highest common factor of p and 22.
22
Let r be 10/(-4)*(-24)/20. Suppose -33 = -r*b + 15. Calculate the greatest common divisor of 208 and b.
16
Let t be ((-2)/(-1))/(-2)*97. Let p = t + 60. Let g = 52 + p. What is the highest common factor of g and 5?
5
Suppose 2 - 4 = -3*s - 5*o, -o + 40 = 5*s. Suppose 0 = s*t - 8*t - 80. Calculate the highest common divisor of 10 and t.
10
Let m(d) = -d**3 + 7*d**2 + 6*d - 28. Let i be m(6). What is the greatest common factor of 11 and i?
11
Let z(d) = 9*d - 1. Let v be z(3). Suppose -16*k + 312 = -10*k. What is the highest common divisor of v and k?
26
Suppose 20*s + 19 = 3*b + 21*s, -b + 3*s + 23 = 0. What is the highest common divisor of b and 56?
8
Let w be ((-24)/2)/((-24)/16). Let h = 494 + -474. What is the greatest common factor of w and h?
4
Suppose 5 - 29 = -4*c. Suppose 0 = -c*f - 58 + 178. What is the greatest common divisor of 5 and f?
5
Let i(q) = 13*q - 3. Let f be i(3). Let l = 19 + -17. Suppose -4*v = 3*m - l*v - 222, -5*m = -2*v - 354. What is the highest common factor of f and m?
36
Suppose -4 = -l + 2*n, -4*n = l + 4*l + 8. Suppose l = -7*d + 8*d - 15. What is the greatest common factor of 45 and d?
15
Let a(m) = m**3 + 14*m**2 + 24*m + 6. Let l be a(-12). Calculate the highest common factor of 1002 and l.
6
Suppose 0 = -5*y + h + 197, 5*y + 42 = -5*h + 257. Let v = y + -21. Calculate the highest common factor of v and 57.
19
Let h be 13*((0 - -3) + 0). Suppose r - 3*t = 2*t + 15, -4*t - 8 = 0. Suppose -r*s + 31 = -h. Calculate the greatest common divisor of 70 and s.
14
Let a = -179 - -638. Let u be a/15 - (-6)/(-10). What is the highest common divisor of u and 15?
15
Suppose 3*d + 3 = 4*d, -8 = -v - 2*d. Let i be (48/(-36))/(v/(-12) + 0). Calculate the highest common divisor of 20 and i.
4
Let g(s) be the second derivative of -71*s**5/20 - s**4/12 - s**3/6 - s**2/2 - 11*s. Let h be g(-1). What is the highest common factor of h and 14?
14
Let w be (48/(-9))/(1/3). Let k be w/(-2)*(0 - -6). Suppose 23*t + 44 - 320 = 0. What is the greatest common factor of t and k?
12
Suppose 169 - 29 = 4*u. Let h be (-80)/(-16) - (-44)/(-2). Let x = u + h. Calculate the greatest common divisor of x and 162.
18
Let j(v) = v - 14. Let x(f) = 1. Let s(r) = -j(r) - 5*x(r). Let m be s(-7). Calculate the greatest common divisor of m and 176.
16
Suppose 5*o = 2*o + 336. Suppose -2*w - 22 = -n, -n - 25 = -2*n + 3*w. Calculate the highest common divisor of n and o.
16
Suppose -84*n = -79*n - 100. Suppose -24*l + n = -20*l. What is the greatest common factor of 15 and l?
5
Let y be 1417/2*2 + 11. What is the highest common divisor of y and 168?
84
Let u = -1051 + 1697. What is the greatest common divisor of u and 68?
34
Let g = -72 + 101. Suppose -28*d - 8 = -g*d. Calculate the highest common divisor of 24 and d.
8
Let c(k) = -5*k + 63. Let a be c(9). Suppose 3*z + 2*z - 360 = 0. What is the highest common factor of z and a?
18
Let d = -505 - -509. What is the greatest common divisor of 196 and d?
4
Let w = -575 + 629. Suppose -3*d = -5*s + 2*d + 175, 0 = 5*s - 2*d - 178. Calculate the highest common factor of s and w.
18
Let x be (6 - -34*4/8) + -3. Calculate the highest common factor of x and 740.
20
Suppose 0 = -10*a + 202 + 178. Calculate the highest common factor of 323 and a.